{"id":502,"date":"2018-06-01T13:37:29","date_gmt":"2018-06-01T13:37:29","guid":{"rendered":"https:\/\/erdfrau.de\/?page_id=502"},"modified":"2024-02-01T11:00:42","modified_gmt":"2024-02-01T11:00:42","slug":"datenschutzerklaerung","status":"publish","type":"page","link":"https:\/\/erdfrau.de\/?page_id=502","title":{"rendered":"Datenschutzerkl\u00e4rung"},"content":{"rendered":"<p><span style=\"font-family: Arial, sans-serif;\"><b>Hinweise zur Datenverarbeitung<\/b><\/span><\/p>\n<p><span style=\"font-family: Arial, sans-serif;\">Sehr geehrter Besucher unserer Homepage,<\/span><\/p>\n<p><span style=\"font-family: Arial, sans-serif;\">wir sind verpflichtet, Sie umfassend \u00fcber den Umfang und den Zweck der im Rahmen der Homepagenutzung erhobener Daten und Ihre damit verbundenen Rechte zu informieren.<\/span><\/p>\n<p><span style=\"font-family: Arial, sans-serif;\">Diese Hinweise zur Datenverarbeitung gelten f\u00fcr die Datenverarbeitung durch die <\/span><span style=\"color: #008000;\"><span style=\"font-family: Arial, sans-serif;\">Naturheilpraxis Birgit Unger-Brogden<\/span><\/span><\/p>\n<p><span style=\"font-family: Arial, sans-serif;\"><b>1. Name und Kontaktdaten des f\u00fcr die Verarbeitung Verantwortlichen <\/b><\/span><\/p>\n<p><span style=\"font-family: Arial, sans-serif;\">Verantwortliche:<\/span><\/p>\n<p><span style=\"font-family: Arial, sans-serif;\">Birgit Unger-Brogden, <\/span><span style=\"font-family: Arial, sans-serif;\">Heilpraktikerin,<\/span><span style=\"color: #000000;\"><span style=\"font-family: Arial, sans-serif;\"> Hauptstr. 8, <\/span><\/span><span style=\"color: #000000;\"><span style=\"font-family: Arial, sans-serif;\">73262 Reichenbach\/Fils, <\/span><\/span><\/p>\n<p><span style=\"color: #000000;\"><span style=\"font-family: Arial, sans-serif;\">Tel.: 07153\/6163133, <\/span><\/span><span style=\"color: #000000;\"><span style=\"font-family: Arial, sans-serif;\">Email: info@erdfrau.de<\/span><\/span><\/p>\n<p><span style=\"font-family: Arial, sans-serif;\"><b>Datenschutz<\/b><\/span><\/p>\n<p><span style=\"font-family: Arial, sans-serif;\">Die Erhebung und Nutzung Ihrer Daten erfolgt streng nach den Vorgaben des Bundesdatenschutzgesetzes (BDSG) und des Telemediengesetzes (TMG) sowie der Datenschutz Grundverordnung (DSGVO). <\/span><\/p>\n<p><span style=\"font-family: Arial, sans-serif;\">Wir f\u00fchlen uns der Vertraulichkeit Ihrer personenbezogenen Daten besonders verpflichtet und arbeiten deshalb streng innerhalb der Grenzen, die die gesetzlichen Vorgaben uns setzen. Die Erhebung dieser personenbezogenen Daten erfolgt auf freiwilliger Basis, wenn uns das m\u00f6glich ist. Auch geben wir diese Daten nur mit Ihrer ausdr\u00fccklichen Zustimmung an Dritte weiter. <\/span><span style=\"color: #00b050;\"><span style=\"font-family: Arial, sans-serif;\">Wir sorgen bei besonders vertraulichen Daten im Hinblick auf Ihre Anfragen an uns durch Einsatz einer SSL-Verschl\u00fcsselung f\u00fcr hohe Sicherheit.<\/span><\/span><span style=\"font-family: Arial, sans-serif;\"> Wir m\u00f6chten es aber an dieser Stelle nicht vers\u00e4umen, auf die allgemeinen Gefahren der Internetnutzung hinzuweisen, auf die wir keinen Einfluss haben. Besonders im E-Mail-Verkehr sind Ihre Daten ohne weitere Vorkehrungen nicht sicher und k\u00f6nnen unter Umst\u00e4nden von Dritten erfasst werden.<\/span><\/p>\n<p><span style=\"font-family: Arial, sans-serif;\"><b>Cookies<\/b><\/span><\/p>\n<p><span style=\"font-family: Arial, sans-serif;\">Die Internetseiten verwenden teilweise sogenannte Cookies. Cookies richten auf Ihrem Rechner keinen Schaden an und enthalten keine Viren. Cookies dienen dazu, unser Angebot nutzerfreundlicher, effektiver und sicherer zu machen. Cookies sind kleine Textdateien, die auf Ihrem Rechner abgelegt werden und die Ihr Browser speichert. Die meisten der von uns verwendeten Cookies sind sogenannte \u201eSession-Cookies\u201c. Sie werden nach Ende Ihres Besuches automatisch gel\u00f6scht. Andere Cookies bleiben auf Ihrem Endger\u00e4t gespeichert, bis Sie diese l\u00f6schen. Diese Cookies erm\u00f6glichen es uns, Ihren Browser beim n\u00e4chsten Besuch wiederzuerkennen.<\/span><\/p>\n<p><span style=\"font-family: Arial, sans-serif;\">Sie k\u00f6nnen Ihren Browser so einstellen, dass Sie \u00fcber das Setzen von Cookies informiert werden und Cookies nur im Einzelfall erlauben, die Annahme von Cookies f\u00fcr bestimmte F\u00e4lle oder generell ausschlie\u00dfen sowie das automatische L\u00f6schen der Cookies beim Schlie\u00dfen des Browsers aktivieren. Bei der Deaktivierung von Cookies kann die Funktionalit\u00e4t dieser Website eingeschr\u00e4nkt sein. <\/span><\/p>\n<p><span style=\"font-family: Arial, sans-serif;\"><b>Server-Log-Files<\/b><\/span><\/p>\n<p><span style=\"font-family: Arial, sans-serif;\">Der Provider der Seiten erhebt und speichert automatisch Informationen in sogenannten Server-Log-Files, die Ihr Browser automatisch an uns \u00fcbermittelt. Dies sind: Browsertyp und Browserversion, verwendetes Betriebssystem, Referrer URL, Hostname des zugreifenden Rechners, Uhrzeit der Serveranfrage. Diese Dateien sind nicht bestimmten Personen zuordenbar. Eine Zusammenf\u00fchrung dieser Daten mit anderen Datenquellen wird nicht vorgenommen. Wir behalten uns vor, diese Daten nachtr\u00e4glich zu pr\u00fcfen, wenn uns konkrete Anhaltspunkte f\u00fcr eine rechtwidrige Nutzung bekannt werden.<\/span><\/p>\n<p><span style=\"font-family: Arial, sans-serif;\"><b>Auskunft, L\u00f6schung, Sperrung<\/b><\/span><\/p>\n<p><span style=\"font-family: Arial, sans-serif;\">Sie haben jederzeit das Recht auf unentgeltliche Auskunft \u00fcber die von uns gespeicherten personenbezogenen Daten zu Ihrer Person sowie zur Herkunft, dem Empf\u00e4nger und dem Zweck von Datenerhebung sowie Datenverarbeitung. Au\u00dferdem haben Sie das Recht, die Berichtigung, die Sperrung oder L\u00f6schung Ihrer Daten zu verlangen. F\u00fcr alle Fragen und Anliegen zur Berichtigung, Sperrung oder L\u00f6schung von personenbezogenen Daten wenden Sie sich bitte an die im Impressum genannte Adresse.<\/span><\/p>\n<p><span style=\"font-family: Arial, sans-serif;\"><b>Kontaktformular<\/b><\/span><\/p>\n<p><span style=\"font-family: Arial, sans-serif;\">Wenn Sie uns per Kontaktformular Anfragen zukommen lassen, werden Ihre Angaben aus dem Kontaktformular inklusive der von Ihnen dort angegebenen Kontaktdaten zwecks Bearbeitung der Anfrage und f\u00fcr den Fall von Anschlussfragen bei uns gespeichert. Diese Daten geben wir nicht ohne Ihre Einwilligung weiter.<\/span><\/p>\n<p><span style=\"font-family: Arial, sans-serif;\"><b>Personenbezogene Daten<\/b><\/span><\/p>\n<p><span style=\"font-family: Arial, sans-serif;\">Personenbezogene Daten erheben wir im Rahmen von Datenvermeidung und Datensparsamkeit nur in dem Ausma\u00df und so lange, wie es zur Nutzung unserer Webseite notwendig ist, beziehungsweise vom Gesetzgeber vorgeschrieben wird. Wir nehmen den Schutz Ihrer pers\u00f6nlichen Daten ernst und halten uns bei Erhebung und Verarbeitung personenbezogener Daten streng an die entsprechenden gesetzlichen Vorschriften und an diese Datenschutzerkl\u00e4rung. F\u00e4llt der Zweck der Datenerhebung weg oder ist das Ende der gesetzlichen Speicherfrist erreicht, werden die erhobenen Daten gesperrt oder gel\u00f6scht. Regelm\u00e4\u00dfig kann unsere Webseite ohne die Weitergabe pers\u00f6nlicher Daten genutzt werden. Wenn wir personenbezogene Daten erheben \u2013 etwa Ihren Namen, Ihre Anschrift oder Ihre E-Mail-Adresse \u2013 erfolgt diese Datenerhebung freiwillig. Ohne eine ausdr\u00fccklich erteilte Zustimmung von Ihrer Seite werden diese Daten Dritten nicht zur Kenntnis gebracht. Beachten Sie bitte, dass Daten im Internet allgemein nicht immer sicher \u00fcbertragen werden. Besonders im E-Mail-Verkehr kann der Schutz beim Datenaustausch nicht garantiert werden.<\/span><\/p>\n<p><span style=\"font-family: Arial, sans-serif;\"><b>Google AdWords<\/b><\/span><\/p>\n<p><span style=\"font-family: Arial, sans-serif;\">Wir nutzen auf unserer Webseite mit Google AdWords ein Online-Werbeprogramm der Google Inc. Dabei wird auch das Conversion-Tracking eingesetzt. Mit diesem Tool setzt Google AdWords ein Cookie auf Ihrem PC, wenn Sie \u00fcber eine Google-Werbeanzeige auf unsere Webseite kommen. Das Cookie hat nach 30 Tagen keine G\u00fcltigkeit mehr. Es dient keiner pers\u00f6nlichen R\u00fcckverfolgbarkeit. Besuchen Sie als Nutzer unsere Webseite und das Cookie arbeitet noch, wird f\u00fcr uns gemeinsam mit Google erkennbar, dass Sie auf die entsprechende Anzeige geklickt haben und zu unserer Seite weitergeleitet wurden. Dabei wird jedem Google AdWords-Kunden ein anderes Cookie zugewiesen. Cookies sind so nicht \u00fcber die Webseiten der AdWords-Kunden nachverfolgbar. Mit den durch Conversion-Cookies eingeholten Daten werden Conversion-Statistiken f\u00fcr AdWords-Kunden erstellt. Wir als Kunden erfahren so die Gesamtanzahl der Nutzer, die auf unsere Anzeige reagiert haben und dann zu einer Webseite durchgeleitet wurden, die mit einem Conversion-Tracking-Tag versehen wurde. Wir erhalten bei diesem Vorgang keine Informationen, mit denen wir Sie als Nutzer pers\u00f6nlich identifizieren k\u00f6nnten. Sollten Sie das Tracking-Verfahren ablehnen, l\u00e4sst sich das Cookie des Google-Conversion-Trackings \u00fcber Ihren Internet-Browser deaktivieren. Nutzen Sie gegebenenfalls die Hilfe-Funktion des Browsers f\u00fcr weitere Informationen. N\u00e4heres zu den Datenschutzbestimmungen von Google erfahren Sie unter http:\/\/www.google.de\/policies\/privacy\/.<\/span><\/p>\n<p><span style=\"font-family: Arial, sans-serif;\"><b>Google Maps Plugin<\/b><\/span><\/p>\n<p><span style=\"font-family: Arial, sans-serif;\">Wir setzen auf unserer Webseite ein Plugin des Internetdienstes Google Maps ein. Betreiber von Google Maps ist Google Inc., ans\u00e4ssig in den USA, CA 94043, 1600 Amphitheatre Parkway, Mountain View. Indem Sie Google Maps auf unserer Webseite nutzen, werden Informationen \u00fcber die Nutzung dieser Webseite und Ihre IP-Adresse an einen Google-Server in den USA \u00fcbermittelt und auch auf diesem Server gespeichert. Wir haben keine Kenntnis \u00fcber den genauen Inhalt der \u00fcbermittelten Daten, noch \u00fcber ihre Nutzung durch Google. Das Unternehmen verneint in diesem Kontext die Verbindung der Daten mit Informationen aus anderen Google-Diensten und die Erfassung personenbezogener Daten. Allerdings kann Google die Informationen an Dritte \u00fcbermitteln. Wenn Sie Javascript in Ihrem Browser deaktivieren, verhindern Sie die Ausf\u00fchrung von Google Maps. Sie k\u00f6nnen dann aber auch keine Kartenanzeige auf unserer Webseite nutzen. Mit der Nutzung unserer Webseite erkl\u00e4ren Sie Ihr Einverst\u00e4ndnis mit der beschriebenen Erfassung und Verarbeitung der Informationen durch Google Inc.. N\u00e4heres zu den Datenschutzbestimmungen und Nutzungsbedingungen f\u00fcr Google Maps erfahren Sie hier: https:\/\/www.google.com\/intl\/de_de\/help\/terms_maps.html.<\/span><\/p>\n<p><span style=\"font-family: Arial, sans-serif;\"><b>Google Analtytics<\/b><\/span><\/p>\n<p><span style=\"font-family: Arial, sans-serif;\">Diese Website nutzt Funktionen des Webanalysedienstes Google Analytics. <\/span><span style=\"font-family: Arial, sans-serif;\"><span lang=\"en-US\">Anbieter ist die Google Inc., 1600 Amphitheatre Parkway Mountain View, CA 94043, USA.<\/span><\/span><\/p>\n<p><span style=\"font-family: Arial, sans-serif;\">Google Analytics verwendet so genannte &#8222;Cookies&#8220;. Das sind Textdateien, die auf Ihrem Computer gespeichert werden und die eine Analyse der Benutzung der Website durch Sie erm\u00f6glichen. Die durch den Cookie erzeugten Informationen \u00fcber Ihre Benutzung dieser Website werden in der Regel an einen Server von Google in den USA \u00fcbertragen und dort gespeichert.<\/span><\/p>\n<p><span style=\"font-family: Arial, sans-serif;\"><b>Browser Plugin<\/b><\/span><\/p>\n<p><span style=\"font-family: Arial, sans-serif;\">Sie k\u00f6nnen die Speicherung der Cookies durch eine entsprechende Einstellung Ihrer Browser-Software verhindern; wir weisen Sie jedoch darauf hin, dass Sie in diesem Fall gegebenenfalls nicht s\u00e4mtliche Funktionen dieser Website vollumf\u00e4nglich werden nutzen k\u00f6nnen. Sie k\u00f6nnen dar\u00fcber hinaus die Erfassung der durch den Cookie erzeugten und auf Ihre Nutzung der Website bezogenen Daten (inkl. Ihrer IP-Adresse) an Google sowie die Verarbeitung dieser Daten durch Google verhindern, indem Sie das unter dem folgenden Link verf\u00fcgbare Browser-Plugin herunterladen und installieren: <\/span><span style=\"color: #0000ff;\"><u><a href=\"https:\/\/tools.google.com\/dlpage\/gaoptout?hl=de\"><span style=\"font-family: Arial, sans-serif;\">https:\/\/tools.google.com\/dlpage\/gaoptout?hl=de<\/span><\/a><\/u><\/span><\/p>\n<p><span style=\"font-family: Arial, sans-serif;\"><b>Widerspruch gegen Datenerfassung<\/b><\/span><\/p>\n<p><span style=\"font-family: Arial, sans-serif;\">Sie k\u00f6nnen die Erfassung Ihrer Daten durch Google Analytics verhindern, indem Sie auf folgenden Link klicken. Es wird ein Opt-Out-Cookie gesetzt, der die Erfassung Ihrer Daten bei zuk\u00fcnftigen Besuchen dieser Website verhindert: <\/span><span style=\"color: #0000ff;\"><u><a><span style=\"font-family: Arial, sans-serif;\">Google Analytics deaktivieren<\/span><\/a><\/u><\/span><\/p>\n<p><span style=\"font-family: Arial, sans-serif;\">Mehr Informationen zum Umgang mit Nutzerdaten bei Google Analytics finden Sie in der Datenschutzerkl\u00e4rung von Google: <\/span><span style=\"color: #0000ff;\"><u><a href=\"https:\/\/support.google.com\/analytics\/answer\/6004245?hl=de\"><span style=\"font-family: Arial, sans-serif;\">https:\/\/support.google.com\/analytics\/answer\/6004245?hl=de<\/span><\/a><\/u><\/span><\/p>\n<p><span style=\"font-family: Arial, sans-serif;\"><b>Auftragsdatenverarbeitung<\/b><\/span><\/p>\n<p><span style=\"font-family: Arial, sans-serif;\">Wir haben mit Google einen Vertrag zur Auftragsdatenverarbeitung abgeschlossen und setzen die strengen Vorgaben der deutschen Datenschutzbeh\u00f6rden bei der Nutzung von Google Analytics vollst\u00e4ndig um.<\/span><\/p>\n<p><span style=\"font-family: Arial, sans-serif;\"><b>Demografische Merkmale bei Google Analytics<\/b><\/span><\/p>\n<p><span style=\"font-family: Arial, sans-serif;\">Diese Website nutzt die Funktion \u201cdemografische Merkmale\u201d von Google Analytics. Dadurch k\u00f6nnen Berichte erstellt werden, die Aussagen zu Alter, Geschlecht und Interessen der Seitenbesucher enthalten. Diese Daten stammen aus interessenbezogener Werbung von Google sowie aus Besucherdaten von Drittanbietern. Diese Daten k\u00f6nnen keiner bestimmten Person zugeordnet werden. Sie k\u00f6nnen diese Funktion jederzeit \u00fcber die Anzeigeneinstellungen in Ihrem Google-Konto deaktivieren oder die Erfassung Ihrer Daten durch Google Analytics wie im Punkt \u201cWiderspruch gegen Datenerfassung\u201d dargestellt generell untersagen.<\/span><\/p>\n<p><span style=\"font-family: Arial, sans-serif;\"><b>SSL-Verschl\u00fcsselung<\/b><\/span><\/p>\n<p><span style=\"font-family: Arial, sans-serif;\">Diese Seite nutzt aus Gr\u00fcnden der Sicherheit und zum Schutz der \u00dcbertragung vertraulicher Inhalte, wie zum Beispiel der Anfragen, die Sie an uns als Seitenbetreiber senden, eine SSL-Verschl\u00fcsselung. Eine verschl\u00fcsselte Verbindung erkennen Sie daran, dass die Adresszeile des Browsers von &#8222;http:\/\/&#8220; auf &#8222;https:\/\/&#8220; wechselt und an dem Schloss-Symbol in Ihrer Browserzeile.<\/span><\/p>\n<p><span style=\"font-family: Arial, sans-serif;\">Wenn die SSL Verschl\u00fcsselung aktiviert ist, k\u00f6nnen die Daten, die Sie an uns \u00fcbermitteln, nicht von Dritten mitgelesen werden.<\/span><\/p>\n<p><span style=\"font-family: Arial, sans-serif;\"><b>Widerspruch Werbe-E-Mails<\/b><\/span><\/p>\n<p><span style=\"font-family: Arial, sans-serif;\">Im Rahmen der gesetzlichen Impressumspflicht m\u00fcssen wir unsere Kontaktdaten ver\u00f6ffentlichen. Diese werden von dritten Personen teilweise zur \u00dcbersendung nicht erw\u00fcnschter Werbung und Informationen genutzt. Wir widersprechen hiermit jeglicher von uns nicht ausdr\u00fccklich autorisierten \u00dcbersendung von Werbematerial aller Art. Wir behalten uns ferner ausdr\u00fccklich rechtliche Schritte gegen die unerw\u00fcnschte und unverlangte Zusendung von Werbematerial vor. Dies gilt insbesondere f\u00fcr sogenannte Spam-E-Mails, Spam-Briefe und Spam-Faxe. Wir weisen darauf hin, dass die unautorisierte \u00dcbermittlung von Werbematerial sowohl wettbewerbsrechtliche, zivilrechtliche und strafrechtliche Tatbest\u00e4nde ber\u00fchren kann. Speziell Spam-E-Mails und Spam-Faxe k\u00f6nnen zu hohen Schadensersatzforderungen f\u00fchren, wenn sie den Gesch\u00e4ftsbetrieb durch \u00dcberf\u00fcllung von Postf\u00e4chern oder Faxger\u00e4ten st\u00f6ren.<\/span><\/p>\n","protected":false},"excerpt":{"rendered":"<p>Hinweise zur Datenverarbeitung Sehr geehrter Besucher unserer Homepage, wir sind verpflichtet, Sie umfassend \u00fcber den Umfang und den Zweck der im Rahmen der Homepagenutzung erhobener Daten und Ihre damit verbundenen Rechte zu informieren. Diese Hinweise zur Datenverarbeitung gelten f\u00fcr die Datenverarbeitung durch die Naturheilpraxis Birgit Unger-Brogden 1. Name und Kontaktdaten des f\u00fcr die Verarbeitung Verantwortlichen&hellip;<a href=\"https:\/\/erdfrau.de\/?page_id=502\" class=\"more-link\">Continue reading <span class=\"screen-reader-text\">Datenschutzerkl\u00e4rung<\/span><\/a><\/p>\n","protected":false},"author":1,"featured_media":0,"parent":0,"menu_order":0,"comment_status":"closed","ping_status":"closed","template":"","meta":{"footnotes":""},"class_list":["post-502","page","type-page","status-publish","hentry"],"_links":{"self":[{"href":"https:\/\/erdfrau.de\/index.php?rest_route=\/wp\/v2\/pages\/502","targetHints":{"allow":["GET"]}}],"collection":[{"href":"https:\/\/erdfrau.de\/index.php?rest_route=\/wp\/v2\/pages"}],"about":[{"href":"https:\/\/erdfrau.de\/index.php?rest_route=\/wp\/v2\/types\/page"}],"author":[{"embeddable":true,"href":"https:\/\/erdfrau.de\/index.php?rest_route=\/wp\/v2\/users\/1"}],"replies":[{"embeddable":true,"href":"https:\/\/erdfrau.de\/index.php?rest_route=%2Fwp%2Fv2%2Fcomments&post=502"}],"version-history":[{"count":10,"href":"https:\/\/erdfrau.de\/index.php?rest_route=\/wp\/v2\/pages\/502\/revisions"}],"predecessor-version":[{"id":955,"href":"https:\/\/erdfrau.de\/index.php?rest_route=\/wp\/v2\/pages\/502\/revisions\/955"}],"wp:attachment":[{"href":"https:\/\/erdfrau.de\/index.php?rest_route=%2Fwp%2Fv2%2Fmedia&parent=502"}],"curies":[{"name":"wp","href":"https:\/\/api.w.org\/{rel}","templated":true}]}}