{"id":123,"date":"2016-12-29T10:27:27","date_gmt":"2016-12-29T10:27:27","guid":{"rendered":"http:\/\/erdfrau.de\/?page_id=123"},"modified":"2026-02-12T11:02:10","modified_gmt":"2026-02-12T11:02:10","slug":"ueber-mich","status":"publish","type":"page","link":"https:\/\/erdfrau.de\/?page_id=123","title":{"rendered":"\u00dcber mich"},"content":{"rendered":"<p><img loading=\"lazy\" decoding=\"async\" class=\"alignnone wp-image-994 size-medium\" src=\"https:\/\/erdfrau.de\/wp-content\/uploads\/2026\/02\/photo_2025-11-10_10-06-35-e1770893767336-232x300.jpg\" alt=\"\" width=\"232\" height=\"300\" srcset=\"https:\/\/erdfrau.de\/wp-content\/uploads\/2026\/02\/photo_2025-11-10_10-06-35-e1770893767336-232x300.jpg 232w, https:\/\/erdfrau.de\/wp-content\/uploads\/2026\/02\/photo_2025-11-10_10-06-35-e1770893767336.jpg 720w\" sizes=\"auto, (max-width: 232px) 100vw, 232px\" \/><\/p>\n<p>&nbsp;<\/p>\n<p><span style=\"font-family: Times New Roman, serif;\"><span style=\"font-size: large;\">Wir alle haben eine eigene Geschichte, die uns pr\u00e4gt und zu dem macht, wer wir heute sind und wo wir uns befinden, im Leben, im Beruf, in der Familie.<\/span><\/span><\/p>\n<p><span style=\"font-family: Times New Roman, serif;\"><span style=\"font-size: large;\">Schon immer haben mich diese Geschichten und die Menschen interessiert, die diese geschrieben oder erlebt haben. <\/span><\/span><\/p>\n<p><span style=\"font-family: Times New Roman, serif;\"><span style=\"font-size: large;\">Dadurch f\u00fchrte mich mein beruflicher Weg zuerst einmal ins Studium des Bibliothekswesens und somit als Bibliothekarin in eine Bibliothek. <\/span><\/span><\/p>\n<p><span style=\"font-family: Times New Roman, serif;\"><span style=\"font-size: large;\">Jedoch trieben mich meine Neugier und mein Wissensdurst weiter: warum ist ein Mensch so, wie er ist? Warum ist ein anderer Mensch anders, obwohl er eine \u00e4hnliche Geschichte hat? Warum machen manche Dinge\/Umst\u00e4nde einen Menschen krank und einen anderen aber eher stark? Was ist Krankheit? Und was ist Gesundheit?<\/span><\/span><\/p>\n<p><span style=\"font-family: Times New Roman, serif;\"><span style=\"font-size: large;\">Erg\u00e4nzend kamen dann noch meine schon vorhandene \u00dcberzeugung dazu, dass der Mensch mehr ist als sein K\u00f6rper, sowie der Wunsch, ganzheitlich f\u00fcr und mit Menschen zu arbeiten. Als Heilpraktikerin kann ich all diese Aspekte vereinen. <\/span><\/span><\/p>\n<p><span style=\"font-family: Times New Roman, serif;\"><span style=\"font-size: large;\">In meiner Arbeit verbinde ich meine Erfahrungen, das Wissen meiner Ausbildungen und Fachfortbildungen mit alten Heilweisen und geomantischen Beratungen. <\/span><\/span><\/p>\n<p>&nbsp;<\/p>\n<p><img loading=\"lazy\" decoding=\"async\" class=\"aligncenter wp-image-135\" src=\"https:\/\/erdfrau.de\/wp-content\/uploads\/2016\/12\/hand-prints-150x150.png\" alt=\"\" width=\"100\" height=\"89\" \/><\/p>\n","protected":false},"excerpt":{"rendered":"<p>&nbsp; Wir alle haben eine eigene Geschichte, die uns pr\u00e4gt und zu dem macht, wer wir heute sind und wo wir uns befinden, im Leben, im Beruf, in der Familie. Schon immer haben mich diese Geschichten und die Menschen interessiert, die diese geschrieben oder erlebt haben. Dadurch f\u00fchrte mich mein beruflicher Weg zuerst einmal ins&hellip;<a href=\"https:\/\/erdfrau.de\/?page_id=123\" class=\"more-link\">Continue reading <span class=\"screen-reader-text\">\u00dcber mich<\/span><\/a><\/p>\n","protected":false},"author":1,"featured_media":0,"parent":0,"menu_order":0,"comment_status":"closed","ping_status":"closed","template":"","meta":{"footnotes":""},"class_list":["post-123","page","type-page","status-publish","hentry"],"_links":{"self":[{"href":"https:\/\/erdfrau.de\/index.php?rest_route=\/wp\/v2\/pages\/123","targetHints":{"allow":["GET"]}}],"collection":[{"href":"https:\/\/erdfrau.de\/index.php?rest_route=\/wp\/v2\/pages"}],"about":[{"href":"https:\/\/erdfrau.de\/index.php?rest_route=\/wp\/v2\/types\/page"}],"author":[{"embeddable":true,"href":"https:\/\/erdfrau.de\/index.php?rest_route=\/wp\/v2\/users\/1"}],"replies":[{"embeddable":true,"href":"https:\/\/erdfrau.de\/index.php?rest_route=%2Fwp%2Fv2%2Fcomments&post=123"}],"version-history":[{"count":63,"href":"https:\/\/erdfrau.de\/index.php?rest_route=\/wp\/v2\/pages\/123\/revisions"}],"predecessor-version":[{"id":997,"href":"https:\/\/erdfrau.de\/index.php?rest_route=\/wp\/v2\/pages\/123\/revisions\/997"}],"wp:attachment":[{"href":"https:\/\/erdfrau.de\/index.php?rest_route=%2Fwp%2Fv2%2Fmedia&parent=123"}],"curies":[{"name":"wp","href":"https:\/\/api.w.org\/{rel}","templated":true}]}}